{"id":1615,"date":"2023-08-12T11:17:56","date_gmt":"2023-08-12T11:17:56","guid":{"rendered":"https:\/\/www.lasermemories.hu\/?post_type=product&#038;p=1615"},"modified":"2025-02-02T06:57:33","modified_gmt":"2025-02-02T06:57:33","slug":"eskuvoi-torta-disz-nyirfa-vagy-plexi","status":"publish","type":"product","link":"https:\/\/www.lasermemories.hu\/?product=eskuvoi-torta-disz-nyirfa-vagy-plexi","title":{"rendered":"Esk\u00fcv\u0151i torta d\u00edsz &#8211; ny\u00edrfa vagy plexi"},"content":{"rendered":"<p>Szeretn\u00e9d feldobni az esk\u00fcv\u0151i tort\u00e1d egy modern d\u00edsszel? Ezt neked tal\u00e1lt\u00e1k ki!<\/p>\n<p>V\u00e1lassz megl\u00e9v\u0151 diz\u00e1jnjaink k\u00f6z\u00fcl, vagy k\u00e9rj egyedi diz\u00e1jnt a term\u00e9k kiv\u00e1laszt\u00e1sa k\u00f6zben.<\/p>\n<p>M\u00e9ret kb. 15&#215;15 cm, diz\u00e1jnonk\u00e9nt elt\u00e9r\u0151 lehet!<\/p>\n<p>Anyaga: ny\u00edrfa vagy plexi<\/p>\n<p>Sz\u00ednek:<\/p>\n<ul>\n<li>nat\u00far ny\u00edrfa<\/li>\n<li>feket\u00e9re festett ny\u00edrfa<\/li>\n<li>t\u00fckr\u00f6z\u0151d\u0151 fekete plexi<\/li>\n<\/ul>\n<p>Elk\u00e9sz\u00fcl\u00e9si id\u0151 kb. 2-3 munkanap, cs\u00facsszezonokban ez t\u00f6bb is lehet. SOS rendel\u00e9s eset\u00e9n, ha a megrendel\u00e9s d\u00e9lut\u00e1n 4-ig be\u00e9rkezik, ak\u00e1r k\u00f6vetkez\u0151 munkanapi felad\u00e1ssal is tudjuk v\u00e1llalni, amit a r\u00e1 k\u00f6vetkez\u0151 munkanapon kisz\u00e1ll\u00edt a GLS.<\/p>\n<p>Mivel szem\u00e9lyre szabott egyedi aj\u00e1nd\u00e9kokat k\u00e9sz\u00edt\u00fcnk, \u00edgy az egyedi, azaz m\u00e1soknak nem \u00e9rt\u00e9kes\u00edthet\u0151 aj\u00e1nd\u00e9kokat, csak el\u0151re utal\u00e1s, vagy bankk\u00e1rty\u00e1s fizet\u00e9si m\u00f3d v\u00e1laszt\u00e1sa eset\u00e9n tudjuk v\u00e1llalni.<\/p>\n","protected":false},"excerpt":{"rendered":"<p>Szeretn\u00e9d feldobni az esk\u00fcv\u0151i tort\u00e1d egy modern d\u00edsszel? Ezt neked tal\u00e1lt\u00e1k ki! V\u00e1lassz megl\u00e9v\u0151 diz\u00e1jnjaink k\u00f6z\u00fcl, vagy k\u00e9rj egyedi diz\u00e1jnt a term\u00e9k kiv\u00e1laszt\u00e1sa k\u00f6zben. M\u00e9ret kb. 15&#215;15 cm, diz\u00e1jnonk\u00e9nt elt\u00e9r\u0151 lehet! Anyaga: ny\u00edrfa vagy plexi Sz\u00ednek: nat\u00far ny\u00edrfa feket\u00e9re festett ny\u00edrfa t\u00fckr\u00f6z\u0151d\u0151 fekete plexi Elk\u00e9sz\u00fcl\u00e9si id\u0151 kb. 2-3 munkanap, cs\u00facsszezonokban ez t\u00f6bb is lehet. SOS [&hellip;]<\/p>\n","protected":false},"featured_media":1616,"template":"","meta":{"_acf_changed":false,"_monsterinsights_skip_tracking":false,"_monsterinsights_sitenote_active":false,"_monsterinsights_sitenote_note":"","_monsterinsights_sitenote_category":0},"product_brand":[],"product_cat":[66],"product_tag":[],"class_list":{"0":"post-1615","1":"product","2":"type-product","3":"status-publish","4":"has-post-thumbnail","6":"product_cat-eskuvoi-tortabeszuro","8":"entry","9":"has-media","11":"first","12":"instock","13":"sale","14":"shipping-taxable","15":"purchasable","16":"product-type-simple","17":"has-product-nav","18":"col","19":"span_1_of_3","20":"owp-content-center","21":"owp-thumbs-layout-horizontal","22":"owp-btn-normal","23":"owp-tabs-layout-horizontal","24":"has-no-thumbnails"},"acf":[],"yoast_head":"<!-- This site is optimized with the Yoast SEO plugin v22.0 - https:\/\/yoast.com\/wordpress\/plugins\/seo\/ -->\n<title>Esk\u00fcv\u0151i torta d\u00edsz - ny\u00edrfa vagy plexi - Laser Memories<\/title>\n<meta name=\"robots\" content=\"index, follow, max-snippet:-1, max-image-preview:large, max-video-preview:-1\" \/>\n<link rel=\"canonical\" href=\"https:\/\/www.lasermemories.hu\/?product=eskuvoi-torta-disz-nyirfa-vagy-plexi\" \/>\n<meta property=\"og:locale\" content=\"hu_HU\" \/>\n<meta property=\"og:type\" content=\"article\" \/>\n<meta property=\"og:title\" content=\"Esk\u00fcv\u0151i torta d\u00edsz - ny\u00edrfa vagy plexi - Laser Memories\" \/>\n<meta property=\"og:description\" content=\"Szeretn\u00e9d feldobni az esk\u00fcv\u0151i tort\u00e1d egy modern d\u00edsszel? Ezt neked tal\u00e1lt\u00e1k ki! V\u00e1lassz megl\u00e9v\u0151 diz\u00e1jnjaink k\u00f6z\u00fcl, vagy k\u00e9rj egyedi diz\u00e1jnt a term\u00e9k kiv\u00e1laszt\u00e1sa k\u00f6zben. M\u00e9ret kb. 15&#215;15 cm, diz\u00e1jnonk\u00e9nt elt\u00e9r\u0151 lehet! Anyaga: ny\u00edrfa vagy plexi Sz\u00ednek: nat\u00far ny\u00edrfa feket\u00e9re festett ny\u00edrfa t\u00fckr\u00f6z\u0151d\u0151 fekete plexi Elk\u00e9sz\u00fcl\u00e9si id\u0151 kb. 2-3 munkanap, cs\u00facsszezonokban ez t\u00f6bb is lehet. SOS [&hellip;]\" \/>\n<meta property=\"og:url\" content=\"https:\/\/www.lasermemories.hu\/?product=eskuvoi-torta-disz-nyirfa-vagy-plexi\" \/>\n<meta property=\"og:site_name\" content=\"Laser Memories\" \/>\n<meta property=\"article:modified_time\" content=\"2025-02-02T06:57:33+00:00\" \/>\n<meta property=\"og:image\" content=\"https:\/\/www.lasermemories.hu\/wp-content\/uploads\/2023\/08\/365336407_618968240341536_6876104899364843224_n.jpg\" \/>\n\t<meta property=\"og:image:width\" content=\"1536\" \/>\n\t<meta property=\"og:image:height\" content=\"2048\" \/>\n\t<meta property=\"og:image:type\" content=\"image\/jpeg\" \/>\n<meta name=\"twitter:card\" content=\"summary_large_image\" \/>\n<meta name=\"twitter:label1\" content=\"Becs\u00fclt olvas\u00e1si id\u0151\" \/>\n\t<meta name=\"twitter:data1\" content=\"1 perc\" \/>\n<script type=\"application\/ld+json\" class=\"yoast-schema-graph\">{\"@context\":\"https:\/\/schema.org\",\"@graph\":[{\"@type\":\"WebPage\",\"@id\":\"https:\/\/www.lasermemories.hu\/?product=eskuvoi-torta-disz-nyirfa-vagy-plexi\",\"url\":\"https:\/\/www.lasermemories.hu\/?product=eskuvoi-torta-disz-nyirfa-vagy-plexi\",\"name\":\"Esk\u00fcv\u0151i torta d\u00edsz - ny\u00edrfa vagy plexi - Laser Memories\",\"isPartOf\":{\"@id\":\"https:\/\/www.lasermemories.hu\/#website\"},\"datePublished\":\"2023-08-12T11:17:56+00:00\",\"dateModified\":\"2025-02-02T06:57:33+00:00\",\"breadcrumb\":{\"@id\":\"https:\/\/www.lasermemories.hu\/?product=eskuvoi-torta-disz-nyirfa-vagy-plexi#breadcrumb\"},\"inLanguage\":\"hu\",\"potentialAction\":[{\"@type\":\"ReadAction\",\"target\":[\"https:\/\/www.lasermemories.hu\/?product=eskuvoi-torta-disz-nyirfa-vagy-plexi\"]}]},{\"@type\":\"BreadcrumbList\",\"@id\":\"https:\/\/www.lasermemories.hu\/?product=eskuvoi-torta-disz-nyirfa-vagy-plexi#breadcrumb\",\"itemListElement\":[{\"@type\":\"ListItem\",\"position\":1,\"name\":\"Home\",\"item\":\"https:\/\/www.lasermemories.hu\/\"},{\"@type\":\"ListItem\",\"position\":2,\"name\":\"\u00dczlet\",\"item\":\"https:\/\/www.lasermemories.hu\/?page_id=9\"},{\"@type\":\"ListItem\",\"position\":3,\"name\":\"Esk\u00fcv\u0151i torta d\u00edsz &#8211; ny\u00edrfa vagy plexi\"}]},{\"@type\":\"WebSite\",\"@id\":\"https:\/\/www.lasermemories.hu\/#website\",\"url\":\"https:\/\/www.lasermemories.hu\/\",\"name\":\"Laser Memories\",\"description\":\"Egyedi f\u00e1b\u00f3l k\u00e9sz\u00fclt k\u00fcl\u00f6nlegess\u00e9gek\",\"publisher\":{\"@id\":\"https:\/\/www.lasermemories.hu\/#organization\"},\"potentialAction\":[{\"@type\":\"SearchAction\",\"target\":{\"@type\":\"EntryPoint\",\"urlTemplate\":\"https:\/\/www.lasermemories.hu\/?s={search_term_string}\"},\"query-input\":\"required name=search_term_string\"}],\"inLanguage\":\"hu\"},{\"@type\":\"Organization\",\"@id\":\"https:\/\/www.lasermemories.hu\/#organization\",\"name\":\"Laser Memories\",\"url\":\"https:\/\/www.lasermemories.hu\/\",\"logo\":{\"@type\":\"ImageObject\",\"inLanguage\":\"hu\",\"@id\":\"https:\/\/www.lasermemories.hu\/#\/schema\/logo\/image\/\",\"url\":\"https:\/\/www.lasermemories.hu\/wp-content\/uploads\/2022\/08\/41589_Laser-Memories_PP-02.png\",\"contentUrl\":\"https:\/\/www.lasermemories.hu\/wp-content\/uploads\/2022\/08\/41589_Laser-Memories_PP-02.png\",\"width\":2137,\"height\":1703,\"caption\":\"Laser Memories\"},\"image\":{\"@id\":\"https:\/\/www.lasermemories.hu\/#\/schema\/logo\/image\/\"}}]}<\/script>\n<!-- \/ Yoast SEO plugin. -->","yoast_head_json":{"title":"Esk\u00fcv\u0151i torta d\u00edsz - ny\u00edrfa vagy plexi - Laser Memories","robots":{"index":"index","follow":"follow","max-snippet":"max-snippet:-1","max-image-preview":"max-image-preview:large","max-video-preview":"max-video-preview:-1"},"canonical":"https:\/\/www.lasermemories.hu\/?product=eskuvoi-torta-disz-nyirfa-vagy-plexi","og_locale":"hu_HU","og_type":"article","og_title":"Esk\u00fcv\u0151i torta d\u00edsz - ny\u00edrfa vagy plexi - Laser Memories","og_description":"Szeretn\u00e9d feldobni az esk\u00fcv\u0151i tort\u00e1d egy modern d\u00edsszel? Ezt neked tal\u00e1lt\u00e1k ki! V\u00e1lassz megl\u00e9v\u0151 diz\u00e1jnjaink k\u00f6z\u00fcl, vagy k\u00e9rj egyedi diz\u00e1jnt a term\u00e9k kiv\u00e1laszt\u00e1sa k\u00f6zben. M\u00e9ret kb. 15&#215;15 cm, diz\u00e1jnonk\u00e9nt elt\u00e9r\u0151 lehet! Anyaga: ny\u00edrfa vagy plexi Sz\u00ednek: nat\u00far ny\u00edrfa feket\u00e9re festett ny\u00edrfa t\u00fckr\u00f6z\u0151d\u0151 fekete plexi Elk\u00e9sz\u00fcl\u00e9si id\u0151 kb. 2-3 munkanap, cs\u00facsszezonokban ez t\u00f6bb is lehet. SOS [&hellip;]","og_url":"https:\/\/www.lasermemories.hu\/?product=eskuvoi-torta-disz-nyirfa-vagy-plexi","og_site_name":"Laser Memories","article_modified_time":"2025-02-02T06:57:33+00:00","og_image":[{"width":1536,"height":2048,"url":"https:\/\/www.lasermemories.hu\/wp-content\/uploads\/2023\/08\/365336407_618968240341536_6876104899364843224_n.jpg","type":"image\/jpeg"}],"twitter_card":"summary_large_image","twitter_misc":{"Becs\u00fclt olvas\u00e1si id\u0151":"1 perc"},"schema":{"@context":"https:\/\/schema.org","@graph":[{"@type":"WebPage","@id":"https:\/\/www.lasermemories.hu\/?product=eskuvoi-torta-disz-nyirfa-vagy-plexi","url":"https:\/\/www.lasermemories.hu\/?product=eskuvoi-torta-disz-nyirfa-vagy-plexi","name":"Esk\u00fcv\u0151i torta d\u00edsz - ny\u00edrfa vagy plexi - Laser Memories","isPartOf":{"@id":"https:\/\/www.lasermemories.hu\/#website"},"datePublished":"2023-08-12T11:17:56+00:00","dateModified":"2025-02-02T06:57:33+00:00","breadcrumb":{"@id":"https:\/\/www.lasermemories.hu\/?product=eskuvoi-torta-disz-nyirfa-vagy-plexi#breadcrumb"},"inLanguage":"hu","potentialAction":[{"@type":"ReadAction","target":["https:\/\/www.lasermemories.hu\/?product=eskuvoi-torta-disz-nyirfa-vagy-plexi"]}]},{"@type":"BreadcrumbList","@id":"https:\/\/www.lasermemories.hu\/?product=eskuvoi-torta-disz-nyirfa-vagy-plexi#breadcrumb","itemListElement":[{"@type":"ListItem","position":1,"name":"Home","item":"https:\/\/www.lasermemories.hu\/"},{"@type":"ListItem","position":2,"name":"\u00dczlet","item":"https:\/\/www.lasermemories.hu\/?page_id=9"},{"@type":"ListItem","position":3,"name":"Esk\u00fcv\u0151i torta d\u00edsz &#8211; ny\u00edrfa vagy plexi"}]},{"@type":"WebSite","@id":"https:\/\/www.lasermemories.hu\/#website","url":"https:\/\/www.lasermemories.hu\/","name":"Laser Memories","description":"Egyedi f\u00e1b\u00f3l k\u00e9sz\u00fclt k\u00fcl\u00f6nlegess\u00e9gek","publisher":{"@id":"https:\/\/www.lasermemories.hu\/#organization"},"potentialAction":[{"@type":"SearchAction","target":{"@type":"EntryPoint","urlTemplate":"https:\/\/www.lasermemories.hu\/?s={search_term_string}"},"query-input":"required name=search_term_string"}],"inLanguage":"hu"},{"@type":"Organization","@id":"https:\/\/www.lasermemories.hu\/#organization","name":"Laser Memories","url":"https:\/\/www.lasermemories.hu\/","logo":{"@type":"ImageObject","inLanguage":"hu","@id":"https:\/\/www.lasermemories.hu\/#\/schema\/logo\/image\/","url":"https:\/\/www.lasermemories.hu\/wp-content\/uploads\/2022\/08\/41589_Laser-Memories_PP-02.png","contentUrl":"https:\/\/www.lasermemories.hu\/wp-content\/uploads\/2022\/08\/41589_Laser-Memories_PP-02.png","width":2137,"height":1703,"caption":"Laser Memories"},"image":{"@id":"https:\/\/www.lasermemories.hu\/#\/schema\/logo\/image\/"}}]}},"jetpack_sharing_enabled":true,"_links":{"self":[{"href":"https:\/\/www.lasermemories.hu\/index.php?rest_route=\/wp\/v2\/product\/1615","targetHints":{"allow":["GET"]}}],"collection":[{"href":"https:\/\/www.lasermemories.hu\/index.php?rest_route=\/wp\/v2\/product"}],"about":[{"href":"https:\/\/www.lasermemories.hu\/index.php?rest_route=\/wp\/v2\/types\/product"}],"wp:featuredmedia":[{"embeddable":true,"href":"https:\/\/www.lasermemories.hu\/index.php?rest_route=\/wp\/v2\/media\/1616"}],"wp:attachment":[{"href":"https:\/\/www.lasermemories.hu\/index.php?rest_route=%2Fwp%2Fv2%2Fmedia&parent=1615"}],"wp:term":[{"taxonomy":"product_brand","embeddable":true,"href":"https:\/\/www.lasermemories.hu\/index.php?rest_route=%2Fwp%2Fv2%2Fproduct_brand&post=1615"},{"taxonomy":"product_cat","embeddable":true,"href":"https:\/\/www.lasermemories.hu\/index.php?rest_route=%2Fwp%2Fv2%2Fproduct_cat&post=1615"},{"taxonomy":"product_tag","embeddable":true,"href":"https:\/\/www.lasermemories.hu\/index.php?rest_route=%2Fwp%2Fv2%2Fproduct_tag&post=1615"}],"curies":[{"name":"wp","href":"https:\/\/api.w.org\/{rel}","templated":true}]}}